 3402 and 4998.
42
Calculate the highest common factor of 722 and 45790.
38
What is the highest common divisor of 108 and 80118?
18
Calculate the highest common divisor of 40 and 40780.
20
Calculate the greatest common divisor of 84 and 16268.
28
What is the greatest common factor of 453 and 1728799?
151
What is the greatest common divisor of 382 and 149553?
191
What is the highest common divisor of 15 and 900990?
15
Calculate the highest common factor of 20 and 185.
5
Calculate the highest common factor of 55460 and 846.
94
Calculate the greatest common factor of 1173 and 133584.
69
What is the greatest common divisor of 169 and 21996?
13
Calculate the greatest common factor of 6 and 1560.
6
What is the greatest common factor of 304 and 46144?
16
Calculate the highest common factor of 1964 and 88871.
491
Calculate the highest common divisor of 5587 and 7141.
37
What is the greatest common factor of 49117 and 2?
1
Calculate the highest common factor of 1330 and 1444646.
266
What is the greatest common divisor of 953505 and 270?
135
Calculate the greatest common factor of 32 and 23548832.
32
Calculate the greatest common factor of 539125 and 1520.
95
Calculate the greatest common factor of 3 and 4881144.
3
Calculate the greatest common factor of 31482 and 418.
22
Calculate the greatest common factor of 24 and 32572.
4
Calculate the greatest common factor of 49 and 36113.
49
Calculate the greatest common factor of 327 and 715149.
327
What is the highest common divisor of 80931 and 106?
53
Calculate the greatest common factor of 128422 and 252.
14
What is the greatest common factor of 3075865 and 325?
65
Calculate the greatest common divisor of 623234 and 134.
134
Calculate the greatest common factor of 116161 and 17.
17
Calculate the greatest common factor of 50 and 55500.
50
What is the highest common factor of 2325834 and 882?
882
Calculate the greatest common factor of 158 and 213853.
79
What is the greatest common factor of 8346 and 352458?
642
Calculate the greatest common factor of 28966 and 1036.
14
Calculate the highest common factor of 2401403 and 493.
493
What is the highest common factor of 4048 and 7728?
368
Calculate the highest common factor of 20 and 88670.
10
Calculate the highest common factor of 77 and 536899.
11
Calculate the highest common divisor of 135838 and 828.
46
What is the highest common factor of 1576 and 120761?
197
Calculate the highest common divisor of 41483 and 52.
13
Calculate the greatest common divisor of 3135 and 11715.
165
What is the greatest common divisor of 22884 and 12?
12
Calculate the highest common divisor of 328 and 6856.
8
What is the greatest common factor of 6961542 and 7?
7
What is the greatest common divisor of 60 and 18516?
12
Calculate the highest common divisor of 1440 and 47610.
90
Calculate the highest common factor of 684 and 172404.
36
What is the highest common factor of 119667 and 4068?
339
What is the highest common factor of 53 and 768659?
53
Calculate the greatest common divisor of 636 and 150900.
12
What is the highest common divisor of 629801 and 328?
41
Calculate the highest common factor of 63 and 4617.
9
Calculate the highest common factor of 550 and 468875.
275
What is the greatest common factor of 3948 and 7?
7
What is the greatest common divisor of 180935 and 5?
5
What is the highest common factor of 734 and 152?
2
Calculate the highest common divisor of 37036 and 3008.
188
What is the highest common factor of 225 and 3296550?
75
Calculate the highest common factor of 35 and 4410.
35
Calculate the greatest common factor of 688 and 469424.
16
Calculate the greatest common divisor of 43 and 10461.
1
Calculate the highest common divisor of 195 and 3185.
65
Calculate the highest common factor of 3052429 and 53.
53
Calculate the highest common factor of 23072 and 2912.
224
Calculate the highest common divisor of 4387280 and 317.
317
Calculate the highest common factor of 131583 and 920.
23
Calculate the greatest common factor of 667 and 2599.
23
What is the highest common factor of 64 and 848?
16
What is the highest common factor of 120 and 13128?
24
Calculate the greatest common factor of 3080 and 2280.
40
Calculate the greatest common divisor of 90 and 64560.
30
Calculate the greatest common divisor of 140208 and 11316.
276
Calculate the highest common factor of 66669 and 626.
313
Calculate the greatest common divisor of 360470 and 2420.
110
Calculate the highest common factor of 458193 and 3423.
489
What is the highest common factor of 92 and 17963?
23
Calculate the greatest common divisor of 111377 and 1617.
49
Calculate the greatest common factor of 4284 and 114716.
476
What is the highest common factor of 3046804 and 248?
124
Calculate the highest common divisor of 3069 and 108345.
93
What is the greatest common divisor of 21 and 90069?
21
Calculate the greatest common divisor of 38433 and 552.
69
Calculate the highest common divisor of 216 and 1252008.
72
What is the greatest common divisor of 61828 and 580?
116
Calculate the highest common divisor of 39995 and 38.
19
What is the greatest common factor of 98373 and 28677?
363
What is the greatest common divisor of 90874 and 952?
14
Calculate the greatest common factor of 64469 and 2.
1
Calculate the greatest common factor of 1064 and 544616.
152
Calculate the highest common factor of 6 and 3702.
6
What is the highest common factor of 225568 and 265?
53
Calculate the greatest common divisor of 1044 and 217036.
116
What is the greatest common divisor of 576 and 342?
18
Calculate the highest common divisor of 73 and 25769.
73
What is the greatest common factor of 19 and 2719603?
19
What is the highest common factor of 91215 and 585?
45
Calculate the greatest common factor of 52 and 16588.
52
What is the greatest common divisor of 143 and 71775?
11
Calculate the highest common factor of 39051 and 189.
9
Calculate the greatest common factor of 35460 and 90.
90
What is the greatest common factor of 1 and 802?
1
Calculate the greatest common factor of 904 and 2728.
8
Calculate the highest common factor of 84071 and 78.
13
Calculate the greatest common divisor of 46440 and 1320.
120
What is the highest common factor of 954 and 428664?
318
What is the greatest common factor of 683162 and 710?
142
Calculate the greatest common factor of 479154 and 234.
78
Calculate the greatest common divisor of 3729351 and 219.
219
Calculate the greatest common divisor of 38 and 853480.
38
What is the highest common factor of 26364 and 104?
52
Calculate the highest common divisor of 111294 and 916.
458
Calculate the highest common divisor of 56703 and 2952.
123
What is the greatest common divisor of 6021794 and 142?
142
What is the greatest common factor of 2920 and 920?
40
What is the highest common factor of 12 and 479238?
6
Calculate the highest common factor of 2623682 and 2984.
746
What is the highest common factor of 78 and 914745?
39
What is the highest common divisor of 60 and 72435?
15
What is the greatest common factor of 2 and 300739?
1
What is the greatest common divisor of 414 and 2664?
18
Calculate the greatest common divisor of 55584 and 15264.
288
Calculate the greatest common divisor of 17960 and 80.
40
What is the greatest common divisor of 8491815 and 45?
45
Calculate the greatest common factor of 580 and 14896.
4
Calculate the highest common divisor of 323295 and 615.
15
Calculate the greatest common divisor of 845214 and 24.
6
Calculate the greatest common factor of 3780 and 1396332.
756
Calculate the highest common divisor of 286368 and 6.
6
What is the highest common factor of 93548 and 819?
91
What is the greatest common divisor of 45 and 2625?
15
What is the highest common divisor of 310 and 52018?
62
Calculate the greatest common divisor of 1500 and 324.
12
What is the greatest common factor of 144020 and 33820?
380
Calculate the greatest common factor of 1819 and 2983160.
1819
What is the greatest common divisor of 644488 and 104?
104
Calculate the highest common divisor of 37251 and 432.
9
Calculate the highest common factor of 1230 and 405360.
30
Calculate the highest common factor of 290662 and 266.
38
Calculate the highest common factor of 3310725 and 4125.
825
Calculate the greatest common divisor of 7535 and 7